4. Let a(r) = r**2 + 5*r + 15. Calculate a(v).
39
Suppose 5*a = -g - 11 + 54, 2*g + 2 = a. Let x(s) = 4*s**2 - 10*s - 16. Determine x(g).
-10
Let t(u) = -6*u**2 - u - 3. Let p(n) = 4*n**2 + n + 2. Let x(i) = 8*p(i) + 5*t(i). Let j(d) = d**2 - 22*d + 55. Let o be j(19). What is x(o)?
3
Let k(g) = -3*g - 22. Let j(s) = s**3 + 30*s**2 + 25*s + 7. Let p be j(-29). Suppose -43 = -8*l - p. What is k(l)?
8
Let o be (7 - 78/14)/((-4)/(-14)). Let a(b) = -2*b**2 + 3*b + 9. Give a(o).
-26
Suppose 3*t - 7 = -2*g, 3*g - 6*g + 3*t = 12. Let z be ((-1)/g)/((-2)/6). Let q(x) be the third derivative of -x**5/30 - x**4/12 + x**3/2 + x**2. What is q(z)?
-9
Suppose -5*h + 3 - 1 = p, 0 = p + 4*h - 2. Let r(z) = -20*z + 29. What is r(p)?
-11
Let m(s) be the second derivative of 5*s**3/6 + 9*s**2 + s + 359. Give m(-4).
-2
Let j(h) = 2*h - 2. Suppose 0 = 14*l - 18*l. Let s be 0/4 - (l - 2). Let a be 5/(10/s) + 4. Calculate j(a).
8
Suppose 5*g - 2 = o, 32 - 26 = 4*g - 3*o. Let c(m) = m**3 - m**2 - 2*m + 50. Determine c(g).
50
Let k(v) be the first derivative of v**3/3 + 6*v**2 + 9*v - 306. Suppose -51 = 4*s - 3*n - 0*n, -2*s + 4*n - 38 = 0. Calculate k(s).
-18
Let a(q) = -2*q - 2. Suppose 0 = 5*b, -b + 6*b = 3*x + 27. Let h(p) = -p**2 - 8*p + 11. Let o be h(x). Suppose -o*v - 3*l = -l, 4*v + 45 = 5*l. Calculate a(v).
8
Let n(s) = s**3 + 8*s**2 + 10*s + 9. Let q be -1 - (-5)/(-5)*5. Let c = q + 47. Suppose 27 = 2*p + c. Give n(p).
-12
Let d be (50 - (1 - 2)) + (318 - 326). Let t(g) be the second derivative of -1/12*g**4 - 13/6*g**3 - d*g + 0 - 6*g**2. Calculate t(-11).
10
Let l(a) = 4*a**2 + 5*a + 25. Let t(u) = 3*u**2 + 4*u + 17. Let h(z) = -5*l(z) + 7*t(z). Let o = -13 - -15. Calculate h(o).
4
Let l(q) = 311 - 74 + 92 - 57 + 54*q + 169. Give l(-8).
9
Let n = -5629 - -5611. Let y(z) = 6*z + 100. Determine y(n).
-8
Let o = 434 + -434. Suppose -b + 4*d = 3 - 17, o = d + 3. Let k(u) = -3*u**2 + 4. Give k(b).
-8
Suppose -f + 5611 = 5616. Let t(r) = -10*r + 14. Give t(f).
64
Let l(y) = 4*y**3 - 12*y**2 + 5*y - 11. Let b(i) = 11*i**3 - 37*i**2 + 13*i - 34. Let m(u) = 3*b(u) - 8*l(u). Determine m(15).
-29
Let b(h) = 52*h**2 - 15*h + 89. Let z(v) = 14*v**2 - 4*v + 23. Let w(c) = -4*b(c) + 15*z(c). Determine w(-9).
151
Let l(g) = g**2 - g - 1. Let v be (3/6)/((-1)/(-8)). Let y(r) = 10 + 2 - 16 + 10*r - 7*r**2 + 2*r**2 + 5. Let t(a) = v*l(a) + y(a). Give t(5).
2
Let q(o) = -o**2 - 6*o - 7. Let x(w) = -w - 2. Suppose 6*z + 4*z + 40 = 0. Let k(s) = z*x(s) + q(s). Calculate k(-5).
-14
Suppose 3*y + 38 = -2*n, 28*n + 12 = 25*n + 3*y. Let k(d) = -d - 51. Determine k(n).
-41
Let w = -15358 - -15344. Let d(r) = 0 - 2 - r - 4. Calculate d(w).
8
Let a(j) = j**2 + 6*j - 7. Let w = 33 + -34. Let l = w + 1. Suppose -4*t + 20 = -5*t - 5*s, l = -5*t + 5*s - 10. Give a(t).
-12
Let m(k) = k**3 - 8*k**2 + 14*k - 7. Let w be m(6). Suppose 52 = -4*o + 9*b - 5*b, 0 = w*o - 4*b + 62. Let x(a) = a**3 + 10*a**2 + 11. Determine x(o).
11
Suppose 4*j - 3*t - 2281 = 0, -1138 = -2*j - 2*t + 6*t. Let i(b) = 4*b - 6. Let o be i(2). Let f(m) = j - 571 - o*m. Calculate f(-4).
8
Let z be -6*(14/(-6) - -1). Suppose 5*k - 13*k = z. Let u(t) = -3*t**2 + 78 - 3*t + t**2 - 77 + 4*t. What is u(k)?
-2
Let n(k) = 71*k + 657. Let q(b) = -641*b - 5923. Let i(w) = 26*n(w) + 3*q(w). Give i(-9).
6
Let j = 26 + -23. Let k be (1*j)/(2*(-4)/(-32)). Let g(u) = -3*u**3 - 11*u**2 + 5*u**3 + 4 - k*u - u**3. Give g(12).
4
Suppose -3*t + 15 = -0. Let q(u) = t - 6*u - 4*u + 15*u - 6*u. What is q(6)?
-1
Let n(c) be the third derivative of -1/120*c**6 - 1 + 4/3*c**3 - 2*c**2 - 1/2*c**4 + 13/60*c**5 + 0*c. Determine n(12).
8
Let b(f) = 6*f**2 + 66*f + 3. Let n(q) = -5*q**2 - 58*q - 3. Let s(m) = 6*b(m) + 7*n(m). Let u be 504/45 - (-2)/(-10). What is s(u)?
8
Let f(x) = 18*x - 14 - 76 + 12 - 3 + 19. What is f(3)?
-8
Let f(n) = -n**2 + 5*n + 10. Suppose -5*g + 4*b + 19 = b, -2*b - 2 = 2*g. Let k be g/((-42)/(-519)) + (-6)/(-21). Let q = k + -18. Calculate f(q).
-4
Suppose 0*p + 5*p = 20. Let g be 333/81 + (-3)/27. Let i(z) = g*z + 5*z + 14 - 10 - p*z - z**2. Give i(6).
-2
Let g(j) = 26*j + 1696. Let z be g(-65). Let k(o) = -o**3 + 8*o**2 - o + 5. What is k(z)?
71
Let p = -1 - -1. Suppose 18 = -2*v + 2*n, 2*v + n + 9 = -p*n. Let d(t) = 20*t + 645. Let i(w) = -49*w - 1576. Let s(l) = 22*d(l) + 9*i(l). Calculate s(v).
12
Let n(q) = -2*q. Let z(m) = 7*m - 15. Let l(x) = -12*x + 28. Let y(j) = -6*l(j) - 11*z(j). Let g(t) = n(t) - y(t). Let r be (-22)/10 + (-3)/(-15). Give g(r).
-3
Let m(g) = -g**2 + 5*g. Let c = -151 - -162. Suppose h - c*h = -60. Determine m(h).
-6
Let v = -1 - 3. Suppose -14 = 37*b - 44*b. Let h(n) = n**3 + 7*n**b - 4*n**2 - 3 - 3*n + 4. Calculate h(v).
-3
Let i(z) = z**2 + 5*z - 5. Let f(o) = 2*o**2 - 25*o - 82. Let d be f(15). Let k be 6 + 1 + d - 6. Calculate i(k).
1
Let r(o) be the first derivative of -o**4/4 - 2*o**3 - o - 2. Suppose k - t + 6 = 0, 21*k - t - 30 = 26*k. Calculate r(k).
-1
Let i(d) = -d**2 + 7*d - 5. Suppose 5*b = 3*w - 32, -2*b - 5 = -3*b. Suppose -w = -x - 16. Let u be (-14)/x*(7/(-2) - -2). Determine i(u).
-5
Let s(j) = 3*j**3 - 4*j**2 + 15*j - 9. Let l(q) = 32*q**3 - 43*q**2 + 150*q - 90. Let m(a) = 2*l(a) - 21*s(a). Calculate m(5).
9
Let h(j) = 63*j + 79*j**2 - 43*j**2 - 44*j**2 - 56*j - 1. What is h(5)?
-166
Let s(d) = -d**2 - 6*d - 4. Let a be s(-4). Let g(t) = -11 - 3*t + 3*t - a*t**2 + 5*t**2. Let m = -453 - -453. What is g(m)?
-11
Let f = 14822 + -14813. Let s(o) = 15*o - 160. Give s(f).
-25
Let u(b) = 4*b**2 + 23*b + 81. Let n(x) = 3*x**2 + 22*x + 79. Let f(t) = 5*n(t) - 4*u(t). Let j be f(21). Let q(d) = d**3 - 7*d**2 - 6*d + 1. Determine q(j).
17
Let u(i) = -24*i - 5 - i**2 - 16*i + 33*i. Suppose -3*q + 48 - 3 = 0. Suppose 21 = -4*s + 5*t, -t - q + 4 = 3*s. Give u(s).
7
Let d(h) = -5*h**2 + 3*h**2 + 3*h**2 - 49 - 5*h + 56. Let t be (2/4)/((-5)/(-50)). What is d(t)?
7
Suppose 2*f + 5 + 9 = l, -42 = -4*l + f. Suppose l*k - 464 = -454. Let s(c) = -2*c**3 - 1. Calculate s(k).
-3
Let g(x) be the third derivative of x**4/4 - 13*x**3/3 + 22*x**2. Suppose 4*t - 36 + 20 = 0. Calculate g(t).
-2
Suppose 17*z + 1926 = -1236. Let i = z - -181. Let a(w) = -w**3 - 5*w**2 - w. What is a(i)?
5
Let j(h) = -h**2 + 20*h - 51. Suppose 0 = -w - 5*n - 13 + 9, 0 = w - n - 20. Calculate j(w).
13
Let g(v) = -v**2 + 15*v + 41. Let c(u) = -u**3 - 17*u**2 + 55*u - 82. Let h be c(-20). What is g(h)?
-13
Let p(w) = -2*w + 2. Let d be (2*1/4 + 2)*-6. Let i(u) = u + 10. Let l be i(d). What is p(l)?
12
Let a(y) be the first derivative of 3*y**2/2 + 35*y - 136. Give a(-8).
11
Let c(x) = x**2 - 2*x - 5. Let n be (-3)/(-1) - 6/72*60. Give c(n).
3
Let m(y) be the third derivative of 3*y**5/10 + y**4/6 + 5*y**3/6 - 5*y**2 + 36. Determine m(-1).
19
Let k(i) = -2*i + 16. Suppose -5*w - h = 4*h + 1660, 2*w = h - 652. Let d = w - -333. What is k(d)?
6
Suppose 3*p + p + 3*d + 4 = 0, 0 = -2*p - d - 4. Let l(h) = -8*h - 11856. Let w(v) = -v - 1368. Let q(f) = -6*l(f) + 52*w(f). Calculate q(p).
16
Let c(q) be the second derivative of q + 1/12*q**4 - 86 - 7/2*q**2 - 5/6*q**3. Give c(5).
-7
Let o(x) = 3*x + 19. Let r be o(-6). Let j be (r - 4 - 0) + 6. Let l(w) = 3 - w**j + 5*w**2 - 13 + 2*w**2 + 1 + 6*w. Calculate l(8).
-25
Let y(h) = -12*h**2 - 6*h**3 - 249 + 270 - 17 - h. Determine y(-2).
6
Let k(c) = 5*c - 4. Let f(y) = y**2 - y + 1. Let v(t) = -4*f(t) - k(t). Suppose 0 = 24*z + 98 + 166. Let x be ((-6)/(5 + z))/(-1). Give v(x).
-3
Let t be 1*-1 - (-3 - -1). Let r(h) = 3*h**3 - h**2 - 4*h**3 + 865476*h + 3*h**2 - 865475*h - 4*h**2. Determine r(t).
-2
Let a(k) = -k**3 - 5*k**2 + 2*k + 6. Suppose 9 = 4*i + 3*g - 2*g, -6 = 2*i + 4*g. Suppose 0*o - 4*y = 3*o - 8, 0 = -i*y + 15. Determine a(o).
-18
Let q(b) = -3*b - 2 - 3*b + 3 + 5*b. Let r be 7 + 10/(-15)*6. Suppose 0 = x - r - 1, 2*h = 4*x - 6. What is q(h)?
-4
Let w(q) = -8*q - 2. Let z(d) = 130*d - 115. Let i(c) = 15*w(c) + z(c). Determine i(17).
25
Suppose -9 - 3 = 12*l. Suppose -5*i + 16 = -4*u, i + 5*u - 8 - 1 = 0. Let g(t) = -t + t + i*t. Calculate g(l).
-4
Let x(d) = 11*d + 12 - 44 - 17 + 4*d - d. Give x(4).
7
Let v(m) = m**2 - 5*m - 4. Suppose 0 = -4*n - 479 + 319. Suppose 23 = -i - 10. Let z = i - n. What is v(z)?
10
Let r(l) = 10 + 22 + 2*l**2 - 1747*l + 1785*l. Calculate r